78844*z + 2760764. Calculate c(-35).
-1
Let x(g) = 4191*g - 20825. What is x(5)?
130
Let f(t) = t**2 + 65*t - 9408. Determine f(74).
878
Let h(s) = -2*s**2 - 645*s + 10726. What is h(-338)?
248
Let n(s) = -72513*s - 507600. Give n(-7).
-9
Let z(o) = 39*o**2 + 1034*o + 26. What is z(-26)?
-494
Let a(s) = 22*s**2 - 2020*s - 132. What is a(92)?
236
Let v(t) = -2*t**3 - 259*t**2 - 954*t - 9041. Calculate v(-126).
31
Let o(n) = -128*n**2 - 40964*n - 1221. Give o(-320).
59
Let v(z) = 2*z**3 + 360*z**2 + 6981*z + 4587. What is v(-158)?
5
Let a(g) = -5*g**3 - 2356*g**2 - 23509*g + 1130. Give a(-461).
208
Let h(x) = 15560*x - 295647. Give h(19).
-7
Let b(o) = -o**3 + 36*o**2 - 35*o + 1006. Determine b(35).
1006
Let l(r) = 567*r**2 + 38*r - 41. Give l(1).
564
Let y(p) = -41*p + 4266. Give y(62).
1724
Let n(j) = -143*j**3 + 12*j**2 + 31*j - 29. Determine n(1).
-129
Let v(t) = -38*t**2 + 188*t + 1106. Give v(-4).
-254
Let s(c) = -c**3 - 96*c**2 - 363*c + 527. Calculate s(-92).
67
Let q(r) = r**3 - 209*r**2 + 206*r - 43134. What is q(209)?
-80
Let t(b) = -3*b**2 - 26437*b - 105720. Determine t(-4).
-20
Let m(n) = -45*n + 1116. Determine m(24).
36
Let h(p) = -p**3 - 18*p**2 + 33*p + 176. Determine h(-12).
-1084
Let h(z) = 2885*z + 22946. Determine h(-8).
-134
Let a(j) = 617*j**3 + 44*j**2 - 10*j - 1. Calculate a(1).
650
Let j(l) = -35*l - 594. What is j(-22)?
176
Let s(p) = -1209*p**2 + 3536*p + 253. Calculate s(3).
-20
Let p(o) = -355*o**2 + 274*o + 13. Calculate p(-1).
-616
Let d(c) = -4*c**3 - 16*c**2 + 441*c + 41. Give d(-13).
392
Let d(v) = 2*v**2 + 304*v + 5067. Give d(-18).
243
Let y(j) = j**2 + 91*j - 1554. Determine y(-93).
-1368
Let s(o) = 1061272*o - 6367652. Calculate s(6).
-20
Let w(h) = -h**2 - 5294*h + 63681. Calculate w(12).
9
Let u(k) = -54331*k + 488970. What is u(9)?
-9
Let r(z) = -32*z**3 - 13*z**2 - 104*z - 320. What is r(-4)?
1936
Let p(u) = -6775*u - 230386. Give p(-34).
-36
Let t(f) = -2*f**3 - 197*f**2 + 44*f - 5414. Give t(-99).
31
Let q(s) = -1004*s + 107368. Determine q(107).
-60
Let p(f) = -7*f**2 - 6712*f + 6737. Calculate p(1).
18
Let t(f) = -1112*f**2 + 5560*f + 3. Give t(5).
3
Let u(i) = 4744*i + 265660. Give u(-56).
-4
Let a(x) = 2*x**3 - 2273*x**2 + 1235*x - 112495. Determine a(1136).
-31
Let m(d) = d**3 - 4*d**2 + 121*d - 750. What is m(6)?
48
Let z(v) = 103*v**2 + 112*v - 217. Give z(2).
419
Let a(w) = 3*w**2 - 333*w + 5827. What is a(74)?
-2387
Let j(w) = w**3 - 112*w**2 + 750*w + 18234. Determine j(103).
3
Let g(j) = j**3 + 190*j**2 - 190*j + 2295. Determine g(-191).
2104
Let w(q) = 8*q - 2104. Calculate w(-19).
-2256
Let y(j) = -2*j**3 + 205*j**2 + 100*j + 351. Determine y(103).
42
Let k(v) = -v**3 - 53*v**2 - 6*v - 285. What is k(-53)?
33
Let m(q) = 28*q**2 + 3266*q + 259. Determine m(-117).
1429
Let v(s) = 11*s**2 + 301*s - 266. Give v(-27).
-374
Let d(n) = -2*n**2 + 1759*n + 35998. Calculate d(-20).
18
Let f(v) = -v**3 + 40*v**2 - 237*v + 2159. Calculate f(35).
-11
Let o(j) = -165*j**3 + 13530*j**2 - 2*j + 139. Determine o(82).
-25
Let z(o) = -5*o**2 - 1371*o - 1629. Give z(-273).
9
Let o(k) = 2009*k + 40182. Calculate o(-20).
2
Let k(m) = -m**3 - 21*m**2 - 85*m + 73. Give k(-14).
-109
Let r(a) = a**2 - 673105*a - 4038665. Determine r(-6).
1
Let q(h) = 107*h**2 + 31882*h - 1193. Calculate q(-298).
-1
Let g(z) = 9458*z + 8663535. Give g(-916).
7
Let p(d) = -3*d**3 - 340*d**2 - 4297*d - 3973. Calculate p(-99).
-13
Let u(a) = 25292*a - 3894964. What is u(154)?
4
Let h(l) = -201*l**2 - 20686*l + 1767. Give h(-103).
16
Let x(m) = 2*m**2 - 1043*m - 64619. Calculate x(-56).
61
Let p(q) = 859*q**2 - 183*q - 17. Determine p(-2).
3785
Let u(r) = -2116*r - 61374. Give u(-29).
-10
Let u(v) = -v**2 - 466*v + 10202. Give u(21).
-25
Let u(a) = -6649*a + 52911. Determine u(8).
-281
Let q(v) = 223*v - 7537. Calculate q(34).
45
Let q(j) = j**2 + 284245*j - 4832454. What is q(17)?
0
Let p(a) = -24*a**2 + 49*a + 44. Calculate p(0).
44
Let h(t) = 63*t**3 + 9434*t**2 - 2396*t + 578. What is h(-150)?
-22
Let a(x) = 7*x**2 - 1316*x + 11286. Calculate a(179).
9
Let i(y) = 172*y**2 + 70005*y + 365. Give i(-407).
-42
Let p(b) = -130*b - 40692. What is p(-313)?
-2
Let o(r) = r**3 + 30*r**2 + 59*r + 7. Determine o(-2).
1
Let q(n) = -14*n**2 - 673*n - 4878. Calculate q(-9).
45
Let u(x) = 27513*x - 137051. What is u(5)?
514
Let j(q) = -23*q**2 - 13321*q - 2322. Calculate j(-579).
-6
Let u(v) = v**3 - 2*v**2 + 522*v - 1037. Give u(2).
7
Let t(x) = -4*x**3 - 11*x**2 - 43*x - 107. Calculate t(-3).
31
Let o(t) = -6*t**3 - 504*t**2 + 9604*t - 60. Give o(16).
4
Let k(l) = 2*l**3 + 72*l**2 + 266*l - 33. Determine k(-32).
-353
Let o(w) = 4*w**3 - 316*w**2 + 5725*w - 652. What is o(51)?
11
Let v(s) = 5*s**3 - 12*s**2 - 20*s + 69. Give v(7).
1056
Let n(s) = -2*s**3 + 797*s**2 + 843*s - 177184. Give n(399).
-28
Let u(a) = -481*a - 9789. Determine u(-23).
1274
Let u(m) = -m**3 + 186*m**2 - 781*m + 42501. Determine u(183).
45
Let x(r) = -8*r**2 - 72232*r - 361082. What is x(-5)?
-122
Let x(m) = -13*m**2 + 1898*m - 12449. Give x(139).
200
Let k(h) = -423*h - 46880. Give k(-111).
73
Let v(c) = c**2 - 25*c + 528. Calculate v(0).
528
Let t(s) = -s**3 + 19*s**2 + 76*s - 7. Determine t(20).
1113
Let o(s) = -409*s - 2418. Give o(-6).
36
Let d(g) = 139303*g - 696484. Determine d(5).
31
Let s(q) = -25404*q + 354367. Calculate s(14).
-1289
Let f(h) = h**2 - 113*h + 3150. What is f(64)?
14
Let t(z) = z**2 + 395*z - 3893. Calculate t(10).
157
Let a(r) = -2*r**2 - 1873*r - 160593. Give a(-841).
38
Let d(r) = -20*r**3 - 291*r**2 + 123*r - 168. Calculate d(-15).
12
Let z(p) = -5*p**2 + 4464*p - 460282. Give z(119).
129
Let c(t) = -264308*t - 6607692. What is c(-25)?
8
Let n(z) = -z**3 - 63*z**2 + 781*z - 2372. Determine n(-74).
70
Let r(p) = -p**3 - 43*p**2 + 462*p + 2750. What is r(-51)?
-4
Let m(b) = -29709*b + 37. Determine m(0).
37
Let h(d) = 332*d - 2447. Determine h(11).
1205
Let m(t) = -21*t**2 + 6345*t - 31125. Calculate m(5).
75
Let o(x) = 200214*x + 4805142. Give o(-24).
6
Let k(v) = v**3 - 555*v**2 + 2205*v - 9. Give k(4).
-5
Let y(f) = -231*f**2 - 2389*f - 44. Determine y(-8).
4284
Let b(n) = -n**3 - 60*n**2 + 607*n + 51. Give b(8).
555
Let s(n) = -5*n**3 + 22*n**2 + 281*n - 907. Give s(3).
-1
Let q(a) = a**3 - 47*a**2 + 553*a - 191. Give q(15).
904
Let w(d) = d**2 + 17547*d - 368947. Calculate w(21).
-19
Let m(k) = -k**3 + 35*k**2 + 120*k - 6149. What is m(33)?
-11
Let b(i) = -i**3 + 29*i**2 + 28*i + 6. Determine b(30).
-54
Let r(b) = 4*b**3 + 440*b**2 + 9192*b + 757. Determine r(-82).
101
Let w(p) = -13*p**2 + 10177*p - 60586. Give w(6).
8
Let v(s) = 4*s**2 - 143*s + 1238. Determine v(15).
-7
Let t(c) = -1044*c + 28205. Give t(27).
17
Let w(q) = q**3 + 17*q**2 - 5476*q + 31. What is w(66)?
163
Let r(t) = 636*t + 149373. Determine r(-235).
-87
Let r(f) = -f**2 - 592*f - 66029. What is r(-149)?
-22
Let n(z) = z**3 - 20*z**2 - 57*z + 306. What is n(3)?
-18
Let y(x) = 5*x**2 - 147*x + 613. Calculate y(20).
-327
Let j(b) = 3*b**2 - 382*b - 347712. Determine j(410).
-32
Let h(v) = -32768*v + 2260999. Calculate h(69).
7
Let s(w) = 7756*w + 46538. Determine s(-6).
2
Let j(c) = -12*c**2 + 704*c + 2849. Calculate j(-4).
-159
Let n(f) = 28*f - 308. Calculate n(17).
168
Let k(r) = 533*r + 4696. Give k(-9).
-101
Let c(t) = 1071*t + 13167. Calculate c(-10).
2457
Let x(s) = -2*s**2 + 1522*s + 18498. Calculate x(-12).
-54
Let n(u) = -4460*u - 7819. Determine n(-2).
1101
Let f(q) = 3*q**3 + 75*q**2 - 3512*q - 394. What is f(24)?
-10
Let c(x) = -3*x**2 + 411618*x - 1234831. What is c(3)?
-4
Let a(f) = 11*f**3 + 74*f**2 - 10*f + 14. Determine a(-7).
-63
Let q(p) = 327*p - 50632. Determine q(154).
-274
Let r(q) = -4*q**2 + 281*q - 3937. Calculate r(23).
410
Let a(f) = 2*f**3 + 37*f**2 - 5428*f - 98054. What is a(-18)?
-26
Let x(w) = -w**3 - 179*w**2 + 1251*w - 9474. What is x(-186)?
12
Let y(k) = 16203*k - 5346991. Give y(330).
-1
Let t(y) = 6*y**3 + 208*y**2 + 20*y + 3187. Give t(-35).
37
Let w(x) = -4*x**2 - 125*x - 1628. Give w(-15).
-653
Let o(r) = r**3 - 32*r**2 + 166*r + 390. Determine o(20).
-1090
Let y(r) = r**2 + 27*r - 77. What is y(-37)?
293
Let v(t) = -81*t**2 + 20743*t - 1792. Calculate v(256).
0
Let h(j) = -578*j - 1365. Give h(3).
-3099
Let i(m) = 2797*m + 19